{"id":589,"date":"2017-10-15T14:26:26","date_gmt":"2017-10-15T14:26:26","guid":{"rendered":"http:\/\/baltadoamnei.europrahova.eu\/wordpress\/?page_id=589"},"modified":"2017-10-15T15:00:24","modified_gmt":"2017-10-15T15:00:24","slug":"infrastructura","status":"publish","type":"page","link":"https:\/\/baltadoamnei.europrahova.eu\/wordpress\/infrastructura\/","title":{"rendered":"Infrastructura"},"content":{"rendered":"<p>Comuna Balta Doamnei este deservita de o retea de drumuri judetene si comunale a caror stare de functionare este considerata ca fiind buna.<br \/>\nPe raza comunei Balta Doamnei nu sunt drumuri de interes national, cel mai apropiat fiind DN1 Bucuresti \u2013 Ploiesti la aproximativ 11 Km distanta.<\/p>\n<p><img loading=\"lazy\" decoding=\"async\" class=\"alignnone size-full wp-image-593\" src=\"https:\/\/baltadoamnei.europrahova.eu\/wordpress\/wp-content\/uploads\/2017\/10\/infrastructura1.jpg\" alt=\"\" width=\"320\" height=\"400\" srcset=\"https:\/\/baltadoamnei.europrahova.eu\/wordpress\/wp-content\/uploads\/2017\/10\/infrastructura1.jpg 320w, https:\/\/baltadoamnei.europrahova.eu\/wordpress\/wp-content\/uploads\/2017\/10\/infrastructura1-240x300.jpg 240w\" sizes=\"(max-width: 320px) 100vw, 320px\" \/><\/p>\n<p>Drumurile care trec prin comun\u0103 sunt:<\/p>\n<table style=\"height: 133px;\" width=\"577\">\n<tbody>\n<tr>\n<td width=\"84\"><strong>Drumul<\/strong><\/td>\n<td width=\"168\"><strong>Tip de \u00eembr\u0103c\u0103minte<\/strong><\/td>\n<td width=\"108\"><strong>Lungimea<\/strong><\/td>\n<\/tr>\n<tr>\n<td width=\"84\">DJ 100B<\/td>\n<td width=\"168\">Asfaltic\u0103<\/td>\n<td width=\"108\">6,85 km<\/td>\n<\/tr>\n<tr>\n<td width=\"84\">DC 95<\/td>\n<td width=\"168\">Asfaltic\u0103<\/td>\n<td width=\"108\">3,5 km<\/td>\n<\/tr>\n<tr>\n<td width=\"84\">DC 96 A<\/td>\n<td width=\"168\">Asfaltic\u0103<\/td>\n<td width=\"108\">1,3 km<\/td>\n<\/tr>\n<tr>\n<td width=\"84\">DC 96<\/td>\n<td width=\"168\">Asfaltic\u0103<\/td>\n<td width=\"108\">1,7 km<\/td>\n<\/tr>\n<\/tbody>\n<\/table>\n<p>Conform Proiectului autostrazii Bucuresti-Brasov, aceasta trece la limita vestica a comunei, iar in dreptul satului Bara exista un nod rutier care contribuie la cresterea traficului si face legatura rutiera cu municipiul Bucuresti si cu municipiul Ploiesti. Facilitarea deplasarii spre marile orase poate \u00eencuraja migratia fortei de munca din comuna.<br \/>\nLucrarile de reabilitare a drumurilor trebuie sa fie \u00een concordanta cu extinderea retelelor de utilitati: canalizare, apa potabila, gaze naturale.<\/p>\n<p><strong>Infrastructura de utilitati<\/strong><\/p>\n<p>Satele componente ale comunei Balta Doamnei dispun de o serie de retele si echipamente tehnico-edilitare caracterizate printr-un grad de acoperire a teritoriului.<br \/>\n<img loading=\"lazy\" decoding=\"async\" class=\"alignnone size-full wp-image-594\" src=\"https:\/\/baltadoamnei.europrahova.eu\/wordpress\/wp-content\/uploads\/2017\/10\/infrastructura2.jpg\" alt=\"\" width=\"320\" height=\"400\" srcset=\"https:\/\/baltadoamnei.europrahova.eu\/wordpress\/wp-content\/uploads\/2017\/10\/infrastructura2.jpg 320w, https:\/\/baltadoamnei.europrahova.eu\/wordpress\/wp-content\/uploads\/2017\/10\/infrastructura2-240x300.jpg 240w\" sizes=\"(max-width: 320px) 100vw, 320px\" \/><\/p>\n<p><strong>Electricitate<\/strong> &#8211; gospodariile, institutiile si societatile comerciale sunt racordate in procent de 100% la reteaua de distributie a energiei electrice.<br \/>\nAlimentarea cu energie electrica a comunei se face cu o retea de distributie de medie tensiune (LEA 20 KV), care vine din reteaua de 110 KV.<br \/>\nReteaua de joasa tensiune, tip aerian, destinata consumatorilor casnici si iluminatului public, este racordata la posturi de tip aerian.<br \/>\nRetelele electrice sunt pe stalpi din beton precomprimat tip RENEL, iar iluminatul public se realizeaza cu lampi cu vapori de mercur.<\/p>\n<p><strong>Gaz <\/strong>\u2013 in prezent locuitorii comunei beneficiaza de reteaua de alimentare cu gaz metan. Consiliul Local are in plan pentru perioada 2015 &#8211; 2020 extinderea acesteia pana la acoperirea intregului necesar.<br \/>\nApa potabila \u2013exista retea de apa potabila in localitate, in proportie de 100%.<br \/>\nInfrastructura de telecomunicatii din Comuna Balta Doamnei este bine dezvoltata.<br \/>\nIn ultimii 5 ani domeniul telecomunicatiilor a cunoscut un ritm accelerat de dezvoltare, aspect care se datoreaza in principal aparitiei si promovarii unor produse si servicii noi si a diversificarii celor existente.<\/p>\n","protected":false},"excerpt":{"rendered":"<p>Comuna Balta Doamnei este deservita de o retea de drumuri judetene si comunale a caror stare de functionare este considerata ca fiind buna. Pe raza comunei Balta Doamnei nu sunt drumuri de interes national, cel mai apropiat fiind DN1 Bucuresti \u2013 Ploiesti la aproximativ 11 Km distanta. Drumurile care trec prin comun\u0103 sunt: Drumul Tip <a class=\"continue\" href=\"https:\/\/baltadoamnei.europrahova.eu\/wordpress\/infrastructura\/\">[Continue]<\/a><\/p>\n","protected":false},"author":1,"featured_media":0,"parent":0,"menu_order":0,"comment_status":"closed","ping_status":"closed","template":"","meta":{"footnotes":""},"_links":{"self":[{"href":"https:\/\/baltadoamnei.europrahova.eu\/wordpress\/wp-json\/wp\/v2\/pages\/589"}],"collection":[{"href":"https:\/\/baltadoamnei.europrahova.eu\/wordpress\/wp-json\/wp\/v2\/pages"}],"about":[{"href":"https:\/\/baltadoamnei.europrahova.eu\/wordpress\/wp-json\/wp\/v2\/types\/page"}],"author":[{"embeddable":true,"href":"https:\/\/baltadoamnei.europrahova.eu\/wordpress\/wp-json\/wp\/v2\/users\/1"}],"replies":[{"embeddable":true,"href":"https:\/\/baltadoamnei.europrahova.eu\/wordpress\/wp-json\/wp\/v2\/comments?post=589"}],"version-history":[{"count":13,"href":"https:\/\/baltadoamnei.europrahova.eu\/wordpress\/wp-json\/wp\/v2\/pages\/589\/revisions"}],"predecessor-version":[{"id":605,"href":"https:\/\/baltadoamnei.europrahova.eu\/wordpress\/wp-json\/wp\/v2\/pages\/589\/revisions\/605"}],"wp:attachment":[{"href":"https:\/\/baltadoamnei.europrahova.eu\/wordpress\/wp-json\/wp\/v2\/media?parent=589"}],"curies":[{"name":"wp","href":"https:\/\/api.w.org\/{rel}","templated":true}]}}